{"id":3226,"date":"2014-03-08T23:31:45","date_gmt":"2014-03-08T21:31:45","guid":{"rendered":"http:\/\/www.messmann.de\/wp\/?page_id=3226"},"modified":"2014-03-08T23:31:45","modified_gmt":"2014-03-08T21:31:45","slug":"impressum","status":"publish","type":"page","link":"https:\/\/www.messmann.de\/?page_id=3226","title":{"rendered":"Impressum"},"content":{"rendered":"<section  class='av_textblock_section av-av_textblock-022b42350836769d6ce97aa230d638e5'  itemscope=\"itemscope\" itemtype=\"https:\/\/schema.org\/CreativeWork\" ><div class='avia_textblock'  itemprop=\"text\" ><p style=\"text-align: left;\" align=\"center\"><strong>Messmann Service GmbH<\/strong><br \/>\n<strong>Ahldersweg 45<\/strong><br \/>\n<strong>D-26871 Papenburg<\/strong><\/p>\n<p style=\"text-align: left;\" align=\"center\"><strong>Geschaeftsfuehrer:<\/strong> Dipl.-Ing. Josef Messmann<\/p>\n<p style=\"text-align: left;\" align=\"center\"><strong>Amtsgericht:<\/strong> Osnabrueck HRB 121894<\/p>\n<p style=\"text-align: left;\" align=\"center\"><strong>UST-Id. Nr:<\/strong> DE229748035<br \/>\n<strong>STNr<\/strong>: 5320033954<br \/>\n<strong>Tel:<\/strong> 004949618980<br \/>\n<strong>Email:<\/strong>\u00a0<a href=\"mailto:messmann@messmann.de\">messmann@messmann.de<\/a><\/p>\n<p style=\"text-align: left;\"><span style=\"line-height: 1.5em;\">Haftungshinweis: Trotz sorgf\u00e4ltiger inhaltlicher Kontrolle \u00fcbernehmen wir keine Haftung f\u00fcr die Inhalte externer Links. F\u00fcr den Inhalt der verlinkten Seiten sind ausschlie\u00dflich deren Betreiber verantwortlich.<\/span><\/p>\n<\/div><\/section>\n","protected":false},"excerpt":{"rendered":"","protected":false},"author":1,"featured_media":0,"parent":0,"menu_order":0,"comment_status":"open","ping_status":"open","template":"","meta":{"footnotes":""},"class_list":["post-3226","page","type-page","status-publish","hentry"],"_links":{"self":[{"href":"https:\/\/www.messmann.de\/index.php?rest_route=\/wp\/v2\/pages\/3226","targetHints":{"allow":["GET"]}}],"collection":[{"href":"https:\/\/www.messmann.de\/index.php?rest_route=\/wp\/v2\/pages"}],"about":[{"href":"https:\/\/www.messmann.de\/index.php?rest_route=\/wp\/v2\/types\/page"}],"author":[{"embeddable":true,"href":"https:\/\/www.messmann.de\/index.php?rest_route=\/wp\/v2\/users\/1"}],"replies":[{"embeddable":true,"href":"https:\/\/www.messmann.de\/index.php?rest_route=%2Fwp%2Fv2%2Fcomments&post=3226"}],"version-history":[{"count":2,"href":"https:\/\/www.messmann.de\/index.php?rest_route=\/wp\/v2\/pages\/3226\/revisions"}],"predecessor-version":[{"id":3413,"href":"https:\/\/www.messmann.de\/index.php?rest_route=\/wp\/v2\/pages\/3226\/revisions\/3413"}],"wp:attachment":[{"href":"https:\/\/www.messmann.de\/index.php?rest_route=%2Fwp%2Fv2%2Fmedia&parent=3226"}],"curies":[{"name":"wp","href":"https:\/\/api.w.org\/{rel}","templated":true}]}}